at is t(i)?
-25
Suppose n - 31 = -5*h, h - 23 = -9*n + 6*n. Suppose -n*m + 36 = 3*m. Let a(b) = b**2 - 12. Determine a(m).
4
Let a be 4/(-3)*(-3 - -2 - 107). Let s(q) = -1 - q + 72*q**2 + 73*q**2 - a*q**2. Determine s(0).
-1
Suppose -49*y + 3*x - 1 = -48*y, -3*y + 4*x - 3 = 0. Let a = 1 - 1. Let l(n) = a - 1 + 3 - 1 - 8*n**2. Give l(y).
-7
Suppose 0 = -27*o + 65448 + 4725. Let g(l) = -2607 + 5209 - o + 13*l + l**2. Calculate g(-13).
3
Let h(s) be the first derivative of -7*s + 7/2*s**2 - 1/3*s**3 - 71. Give h(7).
-7
Let p be (-4 - -3)/(-1)*-1. Let v = -8 - p. Let t(l) = -7*l**2 - 18*l - 4. Let d(y) = -20*y**2 - 52*y - 11. Let b(j) = -6*d(j) + 17*t(j). Determine b(v).
5
Let d(f) = -2*f**2 - 2 - 4*f - 3 + 3. Let x = -9 - -11. Let q be (x/5)/((-3)/15). What is d(q)?
-2
Let i be 4 - ((4 - 2) + 0). Let u(b) = 14*b**2 - 20*b + 3. Let g(p) = 5*p**2 - 7*p + 1. Let c be -13 + (-8)/6*3. Let r(d) = c*g(d) + 6*u(d). Give r(i).
-5
Let i(z) be the first derivative of z**7/840 + z**6/120 + z**5/30 + z**4/6 - 2*z**3/3 + 65. Let w(m) be the third derivative of i(m). What is w(-3)?
-8
Suppose -h - 8*h = -54. Let u be (h/(-15))/((-10)/150). Let w(q) = -q - q**3 + 8 - u - 11 - 7*q**2. What is w(-7)?
-2
Let b(o) = -9*o**2 - 16*o + 2. Let i(g) = 8*g**2 + 15*g - 1. Let a(p) = 5*b(p) + 6*i(p). Suppose 1481 = -380*y + 972 - 1011. Determine a(y).
12
Let f(n) = n**2 + 35*n + 100. Suppose 541*y = 479*y - 1922. Calculate f(y).
-24
Let u(a) = a**2 + 2*a - 1. Let g(z) be the first derivative of 3*z**4/4 + z**3/3 - 2*z**2 - 164. Let m(s) = g(s) + u(s). Determine m(-2).
-13
Let k(m) = 4*m - 12. Suppose d + 3 = 4*j - 9, -4*d + 5*j - 4 = 0. Suppose 3*x = -5*p + 22, -x - 24 = -5*x - d*p. Calculate k(x).
4
Let f(y) = -84. Let n(h) = 2*h - 5. Let v(w) = f(w) - 3*n(w). Determine v(-12).
3
Let n(y) be the second derivative of 1/20*y**5 + 11/2*y**2 + y**3 - 7*y + 5/12*y**4 + 0. Let k be n(-4). Let g(u) = u**3 - 2*u**2 + 2*u + 2. Determine g(k).
17
Let a(c) = -3*c - 1. Let r(n) = -n**3 - 9*n**2 - 4*n + 15 - 8*n**2 + 10*n**2. Let w be r(-6). Suppose -2*h + 7*h - w = -3*q, -4*q + 18 = 2*h. What is a(q)?
-19
Let n(k) = -97 + 9*k - 48 - k**2 - k + 155. Determine n(-6).
-74
Let o(n) = n**2 + n - 7. Let k be o(0). Let m(b) = b**2 - 2*b - 16. Let y be m(-8). Let j(s) = 2*s + 6 - y*s**2 - 8*s + 2 + 63*s**2. What is j(k)?
1
Let f(n) be the second derivative of n**5/20 + 7*n**4/12 - 5*n**3/6 + n**2 - 1916*n. Calculate f(-7).
37
Let r be (-98)/196 - (5/(-2) + -2). Let o(u) be the third derivative of -1/2*u**3 - 1/60*u**5 + 1/24*u**4 + 0*u - 8*u**2 + 0. Give o(r).
-15
Let l = -3 - 5. Let a(p) = -10*p**2 - 20*p - 9. Let m = -22 + 24. Let h(i) = 3*i**2 + 7*i + 3. Let o(n) = m*a(n) + 7*h(n). Give o(l).
-5
Let y(v) = -v**2 + 99 - 202 + 92. Suppose 0 = -2*q - q + 6. Suppose -q*l = -l. Calculate y(l).
-11
Suppose 7*d - 6*d = 3. Let v be 1 + 0 - (d + -7)*1. Suppose v*w - 2 = -37. Let n(z) = -z**3 - 6*z**2 + 5*z - 6. Give n(w).
8
Let t(q) = -8*q + 2. Let a be 940/(-2) - ((-48)/8 - -9). Let s = a - -474. Calculate t(s).
-6
Let c(u) = -5*u**2 - 199*u - 18*u**3 - 10 + 17*u**3 + 93*u + 98*u. Give c(-4).
6
Let f(a) = -3150*a + 770. Let g(m) = 97*m - 24. Let o(h) = -6*f(h) - 195*g(h). Give o(5).
-15
Let d(j) = 8*j + 36. Suppose 95*b + 306 = -108*b - 303. Give d(b).
12
Let l(o) = -o**3 - 4*o**2 - 5*o - 1. Suppose -61 + 85 = -24*i. Give l(i).
1
Let g(i) = -330*i + 992. Let o be g(3). Let u(z) = -6*z**3 + 4*z - 7. What is u(o)?
-47
Let s be 40/(-140) - 23/(-7). Let p(d) = 4*d + s - 4*d + 3*d + d. Calculate p(3).
15
Let y(n) = -59*n**2 - 41*n - 61. Let a(u) = 10*u**2 + 2*u + 1. Let o(d) = 6*a(d) + y(d). What is o(31)?
7
Let m(a) = -351*a + 1760. Let i be m(5). Let p(o) = -11*o - 3. What is p(i)?
-58
Let j(x) = 2*x**3 + 4*x**2 - 5. Let t(z) = -z**3 - 3*z**2 + 2. Let h(c) = -3*j(c) - 7*t(c). Let m be 3/(-9) + (-104)/12. Give h(m).
1
Let v(f) = -7*f - 3. Let l = -1341 - -1347. Give v(l).
-45
Let s(r) = -r - 1. Let m = -61 - -65. Suppose -110 = -m*v - v. Let t = v + -27. What is s(t)?
4
Suppose 0 = 5*w - 15, -2*a + 9 + 3 = 2*w. Suppose 3*q + a = 12. Let u(c) = 10 - q + c + 0. Calculate u(-3).
4
Let n(s) = -s**2 + 14*s - 39. Let q be n(7). Suppose -82*w + 84*w = q. Let i(g) be the second derivative of -g**3/6 - 2*g**2 + 4*g. Give i(w).
-9
Suppose -4*s + 224 = 4*s. Let q = s + -27. Let l(w) = 5*w - 16*w**3 - q + 18*w**3 - 3*w. Give l(1).
3
Let l(z) = -4*z - 1. Let w be (-1204)/(-21) - 1/3. Let p = w + -56. What is l(p)?
-5
Suppose 0 = -5*p + 2*p + 3. Let r(s) = 14*s + 3 - 3 - p. Let h(u) = 3*u - 29. Let z be h(10). Calculate r(z).
13
Let g(y) = -y. Let j be (-14)/1*132/(-77). Let z be (-10)/20 - 2/(8/(-94)). Let b = j - z. What is g(b)?
-1
Let d(y) be the first derivative of y**5/60 - 3*y**4/4 - 23*y**3/3 - 33. Let k(z) be the third derivative of d(z). What is k(9)?
0
Let m(z) = -z - 1. Let b(n) = n**2 + 15*n + 13. Let h(u) = -b(u) - 4*m(u). Let f(j) = -j**3 + 10*j**2 - 646*j + 5030. Let t be f(8). Calculate h(t).
1
Let i = -555 - -556. Let q(n) = -4*n + 3 - 13 - 1 - i + 3*n. Determine q(-9).
-3
Let s(l) be the third derivative of l**5/60 - l**4/6 + l**3/6 - 963*l**2. Let z = -16 + 34. Suppose t = -5*f + z, 0*f = -5*f + t + 12. Determine s(f).
-2
Let w(h) = -4*h - 3. Let r = 147 - 142. Suppose -9*m + 5*m + 3*d - 28 = 0, -r*m + 4*d = 35. Give w(m).
25
Let o(w) = w - 11. Suppose -5*a = -4*c + 139, -c - 3*a = 2*c - 84. Let x(r) = 22*r - 751. Let z be x(33). Let k = c + z. Determine o(k).
-5
Let f be ((-255)/10)/((-2)/(-4)). Let o = f + 45. Let c(g) = -3*g - 2. Let x(v) = 17*v + 12. Let z(d) = 11*c(d) + 2*x(d). Determine z(o).
-4
Let n(i) be the third derivative of i**5/60 - i**4/3 + i**3 + 979*i**2. What is n(4)?
-10
Let v(l) = -l**2 - 28*l + 85. Suppose -11*u - 51*u - 54*u = 3596. Determine v(u).
-8
Let g(h) = -h - 8. Let p be (-5 - -5)/(6/(-2) + 2). Suppose -23 = y + 5*w, 3*w = -p*w - 6. Determine g(y).
5
Let g = -3998 - -3992. Let z(s) = s**3 + 8*s**2 + 9*s + 17. Determine z(g).
35
Let c(d) be the second derivative of -1/2*d**2 + 0 - 5/6*d**3 + 6*d. Determine c(2).
-11
Let p(d) = -202 - 201 + 52*d + 596 - 192 + 3*d**2. What is p(-18)?
37
Let g(h) be the third derivative of -h**6/360 + h**5/20 - h**4/8 - 101*h**3/3 + h**2 + 80*h. Let m(j) be the first derivative of g(j). What is m(5)?
2
Let p(j) be the first derivative of 5/2*j**2 + 6 + 1/3*j**3 + 5*j. Suppose 37*c = -116 - 106. Calculate p(c).
11
Suppose -a = -2*q - 22, -42*q + 47*q + 62 = 3*a. Let f(b) = -b**2 + 16*b - 25. What is f(a)?
3
Suppose x = -b + 3, 6 = 3*x + 2*b - 0. Suppose 2*k - 4*p - p - 4 = x, 0 = -k - 2*p + 2. Let c(i) = -28*i + i**2 + k*i**3 + 28*i + 1. What is c(2)?
21
Let c(n) = -3*n**2 + 8*n + 21. Suppose 12*g + 2431 = 2479. Calculate c(g).
5
Let l(d) = -d**3 + 18*d**2 + 91*d - 80. Let x be l(22). Let t(j) = j**3 + 14*j**2 - 3*j - 9. Calculate t(x).
33
Let o(f) = 3 - 4 + 19582*f - 19589*f. Let d(h) = -h. Let b be d(1). Calculate o(b).
6
Let t = 7 - 15. Let n be (3/(-6))/(2/t)*2. Let m(i) = 3*i**2 + 5 - n*i - 2*i**2 - 6 + i**3 + 2*i. Calculate m(2).
7
Let p(n) be the first derivative of 3*n**2/2 - 2*n + 6926. Let u be 1 + (6*1 - 1). Let k = 12 - u. What is p(k)?
16
Let c be 684/266 + (-8)/(-42)*-3. Let v(w) = -8*w - 2. Determine v(c).
-18
Let y(g) be the first derivative of 2*g**3/3 - 3*g**2 - 4*g + 1443. Determine y(5).
16
Let g = 137 + -97. Let p be 3/15*g/4. Let k(u) = 2*u + 0*u**2 + 0*u + 2 - 2*u**2. Give k(p).
-2
Suppose -5*v + 9 = -3*x, 0 = 21*v - 17*v. Let m(r) = -3*r + 5. Determine m(x).
14
Let d(r) = -11*r**3 + 7*r**2 + r + 2 - 18*r**3 + 0*r + 30*r**3. Calculate d(-6).
32
Let u(n) = 0*n - 11 + 2*n + 4 - 7. Let x be (3650/(-350) - (-1 + -8))/(3/(-21)). Determine u(x).
6
Let a(k) = 5*k**3 - 9*k**2 + 4. Let g(w) = w**3 - w. Let z(m) = -a(m) + 4*g(m). Give z(7).
66
Let j be 21/(-4) + (-5)/(-20). Let q(o) = -o**3 - 6*o**2 - 8*o - 10. Let k be q(j). Let g(d) = 33*d**2 + 9 + k*d - 32*d**2 + 5*d. Determine g(-6).
-15
Let x(k) = k - 2. Suppose -20 = 7*z + 29. Let h be 80/(-6)*(z - -4). Let s be (h/24)/((-1)/3). Calculate x(s).
-7
Let t(v) = 2*v**2. Let q be t(1). Let n(b) = -q + b - 3*b + b. Let g(j) = -1037*j - 25933. Let c be g(-25). Determine n(c).
6
Let k(x) = -5*x**3 - 2*x**2 + 4*x + 3. Let i(w) = -5*w**3 - 2*w**2 + 3*w + 4. Let y(a) = -3*i(